{"id":1051,"date":"2025-02-17T12:45:04","date_gmt":"2025-02-17T11:45:04","guid":{"rendered":"https:\/\/dancing-soul.pl\/?page_id=1051"},"modified":"2025-02-17T12:52:34","modified_gmt":"2025-02-17T11:52:34","slug":"elementor-1051","status":"publish","type":"page","link":"https:\/\/dancing-soul.pl\/index.php\/elementor-1051\/","title":{"rendered":"Regulamin"},"content":{"rendered":"\t\t<div data-elementor-type=\"wp-page\" data-elementor-id=\"1051\" class=\"elementor elementor-1051\">\n\t\t\t\t<div class=\"elementor-element elementor-element-dcd31c8 e-flex e-con-boxed e-con e-parent\" data-id=\"dcd31c8\" data-element_type=\"container\">\n\t\t\t\t\t<div class=\"e-con-inner\">\n\t\t\t\t<div class=\"elementor-element elementor-element-40a4148 elementor-widget elementor-widget-heading\" data-id=\"40a4148\" data-element_type=\"widget\" data-widget_type=\"heading.default\">\n\t\t\t\t<div class=\"elementor-widget-container\">\n\t\t\t\t\t<h2 class=\"elementor-heading-title elementor-size-default\">Regulamin strony Dancing Soul<\/h2>\t\t\t\t<\/div>\n\t\t\t\t<\/div>\n\t\t\t\t<div class=\"elementor-element elementor-element-cde8b26 elementor-widget elementor-widget-text-editor\" data-id=\"cde8b26\" data-element_type=\"widget\" data-widget_type=\"text-editor.default\">\n\t\t\t\t<div class=\"elementor-widget-container\">\n\t\t\t\t\t\t\t\t\t<p>Warunki korzystania z aplikacji mobilnej,<\/p><p>strony internetowej<\/p><p>oraz platform spo\u0142eczno\u015bciowych (Facebook, YouTube)<\/p><p>Z trosk\u0105 o jako\u015b\u0107 us\u0142ug i ochron\u0119 naszych u\u017cytkownik\u00f3w,<\/p><p>przypominamy o zasadach korzystania z naszych portali.<\/p><p>Prosimy o przestrzeganie poni\u017cszych zasad,<\/p><p>aby wsp\u00f3lnie dba\u0107 o bezpiecze\u0144stwo i pozytywn\u0105 atmosfer\u0119 w spo\u0142eczno\u015bci Dancing Soul.<\/p><p>\u00a0<\/p><p>1. Szacunek i uprzedzenia: Prosimy o zachowanie szacunku wobec innych u\u017cytkownik\u00f3w.<\/p><p>Hejtowanie, wy\u015bmiewanie narodowo\u015bci, etniczno\u015bci oraz religii jest surowo zabronione.<\/p><p>Starajmy si\u0119 wyra\u017ca\u0107 w spos\u00f3b konstruktywny, kulturalny i pe\u0142en empatii.<\/p><p>\u00a0<\/p><p>2. Konsekwencje nieodpowiednich zachowa\u0144:<\/p><p>W przypadku wykrycia jakichkolwiek dzia\u0142a\u0144 niezgodnych z zasadami, takich jak szerzenie nienawi\u015bci czy dyskryminacji,<\/p><p>mog\u0105 zosta\u0107 podj\u0119te kroki w celu usuni\u0119cia konta oraz zg\u0142oszenia sprawy odpowiednim s\u0142u\u017cbom prawnym.<\/p><p>\u00a0<\/p><p>3. Zg\u0142aszanie nieodpowiednich tre\u015bci:<\/p><p>Zale\u017cy nam na utrzymaniu bezpiecznej przestrzeni,<\/p><p>dlatego prosimy u\u017cytkownik\u00f3w o zg\u0142aszanie wszelkich nieodpowiednich zachowa\u0144 do naszej administracji.<\/p><p>Dbamy o wsp\u00f3lne dobro, by spo\u0142eczno\u015b\u0107 Dancing Soul by\u0142a miejscem przyjaznym,<\/p><p>wolnym od hejtu i nietolerancji.<\/p><p>Prosimy o wsp\u00f3\u0142prac\u0119 i przestrzeganie tych zasad.<\/p><p>\u00a0<\/p><p>Kontakt: E-mail: dancin.gsoul202210@gmail.com<\/p><p>Messenger: Dancing Soul<\/p><p>GG: 76824021<\/p><p>Podstawa prawna:<\/p><p>Art. 196 Kodeksu Karnego<\/p><p>Art. 257 Kodeksu Karnego<\/p><p>Art. 216. \u00a7 1. Kodeksu Karnego<\/p><p>\u00a0<\/p>\t\t\t\t\t\t\t\t<\/div>\n\t\t\t\t<\/div>\n\t\t\t\t\t<\/div>\n\t\t\t\t<\/div>\n\t\t\t\t<\/div>\n\t\t","protected":false},"excerpt":{"rendered":"<p>Regulamin strony Dancing Soul Warunki korzystania z aplikacji mobilnej, strony internetowej oraz platform spo\u0142eczno\u015bciowych (Facebook, YouTube) Z trosk\u0105 o jako\u015b\u0107 us\u0142ug i ochron\u0119 naszych u\u017cytkownik\u00f3w, [&hellip;]<\/p>\n","protected":false},"author":1,"featured_media":0,"parent":0,"menu_order":0,"comment_status":"closed","ping_status":"closed","template":"elementor_header_footer","meta":{"footnotes":""},"class_list":["post-1051","page","type-page","status-publish","hentry"],"_links":{"self":[{"href":"https:\/\/dancing-soul.pl\/index.php\/wp-json\/wp\/v2\/pages\/1051","targetHints":{"allow":["GET"]}}],"collection":[{"href":"https:\/\/dancing-soul.pl\/index.php\/wp-json\/wp\/v2\/pages"}],"about":[{"href":"https:\/\/dancing-soul.pl\/index.php\/wp-json\/wp\/v2\/types\/page"}],"author":[{"embeddable":true,"href":"https:\/\/dancing-soul.pl\/index.php\/wp-json\/wp\/v2\/users\/1"}],"replies":[{"embeddable":true,"href":"https:\/\/dancing-soul.pl\/index.php\/wp-json\/wp\/v2\/comments?post=1051"}],"version-history":[{"count":5,"href":"https:\/\/dancing-soul.pl\/index.php\/wp-json\/wp\/v2\/pages\/1051\/revisions"}],"predecessor-version":[{"id":1056,"href":"https:\/\/dancing-soul.pl\/index.php\/wp-json\/wp\/v2\/pages\/1051\/revisions\/1056"}],"wp:attachment":[{"href":"https:\/\/dancing-soul.pl\/index.php\/wp-json\/wp\/v2\/media?parent=1051"}],"curies":[{"name":"wp","href":"https:\/\/api.w.org\/{rel}","templated":true}]}}